 + 23. Let n be v(w). Let y be 6/n*4*(-2)/(-24). Let z(r) = -3*r**2 + 2*r + 1. Determine z(y).
-4
Let l(p) be the third derivative of p**5/60 + p**4/3 + 13*p**3/6 - 5*p**2 + 2*p. Give l(-10).
33
Let o be ((-38)/(-4) + -9)*-14 - -5. Let l(j) = -j**3 - 3*j - 8. Determine l(o).
6
Let t(o) = 302*o**2 - 16*o - 356 - 1202*o**2 + 298*o**2 + 306*o**2 + 298*o**2. Calculate t(18).
4
Let g(c) = c**2 - 123*c - 1486. Let y be g(-11). Let a(x) be the third derivative of x**6/120 + x**5/6 - 25*x**4/24 - 17*x**3/6 + x**2. What is a(y)?
-5
Let m be (-2)/9 + 68/(-18). Let u(k) = 10*k - 2321. Let h(y) = 7*y - 1658. Let v(d) = 7*h(d) - 5*u(d). Calculate v(m).
3
Suppose 28*b + 627 = -39*b + 10*b. Let s(h) = -h**3 - 10*h**2 + 12*h - 13. Determine s(b).
-24
Let u(y) = -y - 7. Let z be 15/1 + -27 + 32. Suppose 4*s + 4*h = 2*s - z, -33 = 3*s + 3*h. What is u(s)?
5
Let r(k) = -26*k - 12. Let o be 4/(1 - (-4 + 7)). Let w(c) = 5*c + 2. Let x(l) = o*r(l) - 11*w(l). Calculate x(5).
-13
Let l(p) be the first derivative of p**3/6 - p**2 + 29*p - 41. Let r(z) be the first derivative of l(z). What is r(-2)?
-4
Let p(a) = -32*a**2 + 67*a**2 - 32*a**2 + 4*a**3 - a**3 + 14 + 6*a. What is p(-2)?
-10
Let q(l) = -l**2 + 12*l - 4. Let h(w) = 7*w - 18. Let y be h(2). Let m(k) = 42*k + 180. Let r be m(y). Calculate q(r).
-4
Let v(w) be the first derivative of w**3/3 - 5*w**2 + 2*w - 834. Let i = -22 - -24. Suppose -3*x = i*x - 45. Calculate v(x).
-7
Let q(i) = i**3 + i**2 - i + 9. Let w = -91 - -99. Suppose -3*v + 4*y = -32, -v + 12 = -y + 3. Suppose w*f + f = v*f. Determine q(f).
9
Suppose 2*j - 5*r = -32, -9*j + r + 8 = -5*j. Let o(m) be the third derivative of -1/24*m**j + 0*m + 0 - 29*m**2 + 1/60*m**5 - 1/3*m**3. Determine o(0).
-2
Let g(l) = 22 - 6*l**2 + 4*l**3 - 3*l**3 + 20227*l - 20237*l + 9. Calculate g(7).
10
Let g(v) = -3*v. Let s = 0 - 5. Let n(d) = -4*d - 17. Let j be n(s). Suppose j*r = 8*r - 5. What is g(r)?
-3
Let u = 1670 - 3337/2. Let v(b) be the first derivative of 3 - 1/3*b**3 - 4*b + u*b**2. What is v(3)?
-4
Suppose -j = 3*j - 20. Let n(s) be the first derivative of -s**2/2 + s + 48201. Determine n(j).
-4
Let h be -4*2/(-8) + 1. Suppose -23 = h*a - 9. Let f be (a + 9)*(-2)/4. Let j(t) = 12*t - 1. Give j(f).
-13
Let h(v) = -v**2 - 36*v - 57. Let q(y) = 2*y - 1. Let w(a) = h(a) + 5*q(a). Let m be w(-23). Let g(r) = -r**2 + 6*r + 12. Give g(m).
5
Let r(x) be the first derivative of 3*x**4/2 + 14*x**3/3 - 72. Let u(g) = 5*g**3 + 13*g**2 + g. Let t(q) = 6*r(q) - 7*u(q). Determine t(8).
8
Suppose 156*i - 67*i = 79*i + 150. Let y(c) = -c**2 + 10*c - 27. What is y(i)?
-102
Let h(v) be the second derivative of -v**4/6 + 5*v**3/6 - v**2 - 72*v - 4. Let r = 1 - -4. Determine h(r).
-27
Let z(o) be the second derivative of o**3 + 5/12*o**4 - 27*o + 0 + 1/20*o**5 + 3*o**2. What is z(-4)?
-2
Let m(h) be the first derivative of h**3/3 + 2*h**2 + 4*h + 1. Let r be 2 + -1 - 6 - ((-24 - -16) + 7). Determine m(r).
4
Let w = 3597 - 3600. Let q(p) = 3*p**2 + 5*p + 7. What is q(w)?
19
Let i(k) = -k**2 - 10*k - 3. Let r be i(-12). Let u be 20/45 - (-120)/r. Let t(c) = -2 - 2 + 2*c + 1. Determine t(u).
-11
Let x(w) = w**3 + 3*w**2 + 3. Let k be 5*(-2)/(-10) + -1. Suppose 5*d - 3*y + 30 = k, 4 + 1 = -5*d - 2*y. Calculate x(d).
3
Let g be (-260)/416 - 2667/(-120) - 4/(-10). Let b = -63 - -40. Let r = b + g. Let v(w) = -9*w - 1. Give v(r).
8
Let n(u) = -3*u + 27. Suppose z + x - 8 = 0, -3*z + 5*x + 23 = -z. Let y be n(z). Suppose y = 2*t - 0 - 8. Let f(d) = 4*d - 1. What is f(t)?
15
Let i(y) = 4*y**2 + 15*y - 31. Let v(j) = 3*j**2 + 11*j - 16. Let x(n) = -3*i(n) + 5*v(n). What is x(-2)?
5
Suppose 3*j + 125*w - 130*w = -6, 0 = -2*w + 12. Let b(u) = -5*u**2 - 35*u + 41. Let h(d) = 3*d**2 + 23*d - 27. Let k(n) = -5*b(n) - 8*h(n). Determine k(j).
3
Let p(g) = 55*g - 6. Let c be p(3). Let q = c + -153. Let m(a) be the third derivative of a**5/60 - a**4/4 - 3*a**2. Give m(q).
0
Let k(j) be the second derivative of -j**7/280 + j**6/360 - j**5/60 + j**4/12 - 91*j**3/3 + 3*j - 48. Let f(x) be the second derivative of k(x). What is f(1)?
-2
Let i(n) = -5*n - 5. Let s be (-2)/(35/(-11) + 3 + 15/22). Determine i(s).
15
Suppose 3*p + 6 = 3*v, -3 = -2*v + 3*p - 2. Suppose v*a = 2*a + 18. Suppose -a = z - 11. Let q(d) = 2*d - 4. Calculate q(z).
6
Let c(z) = -10*z + 1. Let l(g) be the first derivative of -g**4/4 - 25*g**3/3 + 151*g**2/2 + 32*g + 118. Let h be l(-30). Calculate c(h).
-19
Let w(b) be the third derivative of -b**5/60 - 7*b**4/24 + 4*b**3/3 + 9*b**2. Suppose 569*f - 575*f - 42 = 0. What is w(f)?
8
Let i(b) be the first derivative of b**3/3 + 9*b**2/2 + 6*b + 1. Let q(h) = h - 42. Let v be q(35). Determine i(v).
-8
Let u be (21/(-35))/((-3)/20). Suppose 5*h = -4*f, 0 = 5*f - 7*f - u*h + 6. Let j(v) = 2*v - 2. Let q(x) = 2*x - 1. Let b(k) = -3*j(k) + 2*q(k). Give b(f).
14
Let t(b) = -22*b + 22. Let g(s) = 31*s - 20. Let u(v) = -3*g(v) - 4*t(v). Determine u(-5).
-3
Let b(i) = 1 - 3 + 0 + 3 + 3*i. Let y = 11 + -5. Suppose 0 = -2*v - 4*z + y, 2*z - 1 + 4 = v. What is b(v)?
10
Let m(f) = -8581 + 16924 - 8486 + 20*f. Calculate m(5).
-43
Let o(x) = -6 + 2*x + 7*x**3 + 10*x**2 - 9*x + 0*x**3. Let q(t) = 4*t**3 + 5*t**2 - 4*t - 3. Let w = -807 + 802. Let g(u) = w*q(u) + 3*o(u). Determine g(-5).
2
Let c(u) = -u**2 - 5073 + 5051 + 50*u - 26*u. Calculate c(24).
-22
Let i(v) be the second derivative of v**5/20 + v**4/12 - 2*v**3/3 + v. Let o be 60/(-40) - 54/(-4). Let g be ((-12)/(-8))/((-18)/o + 1). Determine i(g).
-6
Let g(o) = 7*o**3 + 41*o**2 - 1. Let i(l) = -22*l**3 - 126*l**2 + 4. Let c(u) = 16*g(u) + 5*i(u). Let m be c(-13). Let t(h) = -h**2 + h + 1. What is t(m)?
-11
Let u be 685/(-4110) - 107/6. Let w(o) = o**3 + 16*o**2 - 36*o - 4. Give w(u).
-4
Let w(l) = 2*l**2 + 3*l + 7. Suppose 2*n = 3*c + 15, -n + 15 = 2*n - 3*c. Let z be w(n). Let u(v) = -v**2 + 9*v + 10. Determine u(z).
24
Let l be 69/(-15) + 4/(-10). Let b(x) = -3*x + 5. Let q(n) = -3*n + 6. Let y(w) = l*q(w) + 6*b(w). Suppose -46 - 47 - 22 = 99*v - 16. Calculate y(v).
3
Let u(m) = -14*m**2 + 4*m - 6. Let r(z) = -5*z**2 + z - 3. Let q(s) = 11*r(s) - 4*u(s). Determine q(-4).
27
Let f(m) = -6*m + 1. Suppose 4*i - 24 = -4*i. Suppose 86 = 3*a - 4*t, 0 = -3*a + i*t - 9 + 93. Suppose -4*u + a = 4*d + 10, -14 = u - 5*d. Determine f(u).
-5
Suppose 0 = -0*g + g - 2. Let p(m) = -32*m**2 - 11*m + 6. Let k(x) = 73*x**2 + 25*x - 13. Let c(z) = 4*k(z) + 9*p(z). Give c(g).
20
Suppose -y = b - 12 - 0, 0 = b. Let u(o) = 240*o**2 - 238*o**2 - 1347129*o + 1347103*o + 18. Give u(y).
-6
Suppose -3*i - 2*d + 589 = -d, -401 = -2*i + d. Suppose -s - 191 = -i. Let k(v) = -v + 10. Determine k(s).
3
Let a = 258 - 377. Let j = a + 118. Let f be (j/3)/(8/(-24)). Let k(s) = -32*s**3. Calculate k(f).
-32
Let s(i) = -16*i**3 + i + 5. Let a(o) = -11*o**3 + o + o**3 - 2*o**3 - o**3 + 4. Let h(j) = 5*a(j) - 4*s(j). What is h(1)?
0
Suppose -5*r - 31*t = -27*t + 4, 0 = 4*r - t + 20. Let a(b) = b**3 + 5*b**2 + 5*b + 7. Give a(r).
3
Suppose -b + 62 = b. Suppose 27*h = b*h. Let v(u) = -u - 42. Calculate v(h).
-42
Let y(w) = -w**2 + 9*w - 16. Suppose 9*q = -5*x + 4*q + 40, 5*x - 3*q = 24. Let o be y(x). Let i(z) = -5 + z**o - 3*z - 2*z - 8 - 3*z. Give i(9).
-4
Let q = 8310 + -8295. Let n(g) = -5*g + 81. Give n(q).
6
Let w(h) = -h + 10. Let c = 76 - 67. Suppose -c*s - 60 = -14*s. Suppose -15*y + s*y = 21. Calculate w(y).
17
Let x(a) = 2*a**2 - 58*a - 665. Let r be x(-9). Let d(u) = -u**3 + 20*u**2 - 17*u - 45. Calculate d(r).
-7
Let c = -439 - -248. Let q = c + 104. Let f = 95 + q. Let b(p) = -p + 1. What is b(f)?
-7
Let l(b) be the second derivative of b**4/6 + 5*b**3/3 + 16*b**2 - 16*b - 13. What is l(-4)?
24
Suppose 5*u = -g - 90, -u + 9 = -3*u + 5*g. Let w = u + -5. Let b(s) = s**3 + 22*s**2 + s + 27. Let x be b(w). Let c(l) = 2*l**2 - 4*l - 7. Determine c(x).
23
Let g(u) = u**2 - 5*u - 8. Let f(c) = 3*c**2 + 5*c - 2. Let b be f(-4). Let z(d) = b + 2*d - 2*d + 2*d + 0*d. Let r be z(-10). Give g(r).
-2
Let x(r) = -43*r - 2674. Let t be x(-62). Let f(l) = l**3 + 6*l**2 - 16*l + 9. Calculate f(t).
9
Let o(m) = -m + 2. Let p(d) = -209*d**2 - 13*d + 208*d**2 + 57 - 6*d. Let a be p(3). What is o(a)?
11
Let p(u) = -6*u - 23. Suppose o = 2*o - 6*s - 15, -s = 5*o + 49. Determine p(o